{"id":562,"date":"2020-04-30T17:05:07","date_gmt":"2020-04-30T17:05:07","guid":{"rendered":"https:\/\/avadawebsites.wpengine.com\/pet-supplies\/?page_id=562"},"modified":"2025-08-03T18:12:08","modified_gmt":"2025-08-03T18:12:08","slug":"contact","status":"publish","type":"page","link":"https:\/\/www.prochoice.com.tr\/?page_id=562","title":{"rendered":"\u0130leti\u015fim"},"content":{"rendered":"<div class=\"fusion-fullwidth fullwidth-box fusion-builder-row-1 fusion-flex-container nonhundred-percent-fullwidth non-hundred-percent-height-scrolling\" style=\"--awb-border-radius-top-left:0px;--awb-border-radius-top-right:0px;--awb-border-radius-bottom-right:0px;--awb-border-radius-bottom-left:0px;--awb-margin-bottom:90px;--awb-flex-wrap:wrap;\" ><div class=\"fusion-builder-row fusion-row fusion-flex-align-items-flex-start fusion-flex-content-wrap\" style=\"max-width:1419.6px;margin-left: calc(-4% \/ 2 );margin-right: calc(-4% \/ 2 );\"><div class=\"fusion-layout-column fusion_builder_column fusion-builder-column-0 fusion_builder_column_1_3 1_3 fusion-flex-column\" style=\"--awb-padding-top:15px;--awb-bg-size:cover;--awb-width-large:33.333333333333%;--awb-margin-top-large:0px;--awb-spacing-right-large:8.64%;--awb-margin-bottom-large:20px;--awb-spacing-left-large:5.76%;--awb-width-medium:33.333333333333%;--awb-spacing-right-medium:8.64%;--awb-spacing-left-medium:5.76%;--awb-width-small:100%;--awb-spacing-right-small:2.88%;--awb-spacing-left-small:1.92%;\"><div class=\"fusion-column-wrapper fusion-column-has-shadow fusion-flex-justify-content-flex-start fusion-content-layout-column\"><div class=\"fusion-title title fusion-title-1 fusion-sep-none fusion-title-text fusion-title-size-two\" style=\"--awb-margin-top:10%;--awb-margin-bottom:14%;--awb-margin-top-small:10px;--awb-margin-right-small:0px;--awb-margin-bottom-small:10px;--awb-margin-left-small:0px;\"><h2 class=\"fusion-title-heading title-heading-left fusion-responsive-typography-calculated\" style=\"margin:0;--fontSize:34;line-height:var(--awb-typography1-line-height);\"><strong>Prochoice <\/strong>&#8211; Bilimsel Beslenme \u00c7\u00f6z\u00fcmleri<\/h2><\/div><div class=\"fusion-text fusion-text-1\"><p><strong>Adres<\/strong><br \/>Maslak Meydan Sokak No:5 Kat:6 Spring Giz Plaza, \u015ei\u015fli 34398 \u0130stanbul &#8211; T\u00fcrkiye<\/p>\n<p><strong>Telefon<br \/><\/strong>+90 (212) 807 01 40<\/p>\n<p><strong>E-Mail<\/strong><br \/>info@prochoice.com.tr<\/p>\n<\/div><div class=\"fusion-separator fusion-full-width-sep\" style=\"align-self: center;margin-left: auto;margin-right: auto;margin-bottom:4%;width:100%;\"><\/div><div class=\"fusion-social-links fusion-social-links-1\" style=\"--awb-margin-top:0px;--awb-margin-right:0px;--awb-margin-bottom:0px;--awb-margin-left:0px;--awb-box-border-top:0px;--awb-box-border-right:0px;--awb-box-border-bottom:0px;--awb-box-border-left:0px;--awb-icon-colors-hover:hsla(var(--awb-color5-h),var(--awb-color5-s),var(--awb-color5-l),calc( var(--awb-color5-a) - 20% ));--awb-box-colors-hover:hsla(var(--awb-color3-h),var(--awb-color3-s),var(--awb-color3-l),calc( var(--awb-color3-a) - 20% ));--awb-box-border-color:var(--awb-color3);--awb-box-border-color-hover:var(--awb-color4);\"><div class=\"fusion-social-networks color-type-custom\"><div class=\"fusion-social-networks-wrapper\"><a class=\"fusion-social-network-icon fusion-tooltip fusion-facebook awb-icon-facebook\" style=\"color:var(--awb-color5);font-size:19px;\" data-placement=\"top\" data-title=\"Facebook\" data-toggle=\"tooltip\" title=\"Facebook\" aria-label=\"facebook\" target=\"_blank\" rel=\"noopener noreferrer\" href=\"https:\/\/www.facebook.com\/prochoicepetfood\/\"><\/a><a class=\"fusion-social-network-icon fusion-tooltip fusion-twitter awb-icon-twitter\" style=\"color:var(--awb-color5);font-size:19px;\" data-placement=\"top\" data-title=\"X\" data-toggle=\"tooltip\" title=\"X\" aria-label=\"twitter\" target=\"_blank\" rel=\"noopener noreferrer\" href=\"#\"><\/a><a class=\"fusion-social-network-icon fusion-tooltip fusion-instagram awb-icon-instagram\" style=\"color:var(--awb-color5);font-size:19px;\" data-placement=\"top\" data-title=\"Instagram\" data-toggle=\"tooltip\" title=\"Instagram\" aria-label=\"instagram\" target=\"_blank\" rel=\"noopener noreferrer\" href=\"https:\/\/www.instagram.com\/prochoicepetfood\/\"><\/a><\/div><\/div><\/div><\/div><\/div><div class=\"fusion-layout-column fusion_builder_column fusion-builder-column-1 fusion_builder_column_2_3 2_3 fusion-flex-column\" style=\"--awb-bg-size:cover;--awb-width-large:66.666666666667%;--awb-margin-top-large:0px;--awb-spacing-right-large:2.88%;--awb-margin-bottom-large:20px;--awb-spacing-left-large:8.64%;--awb-width-medium:66.666666666667%;--awb-spacing-right-medium:2.88%;--awb-spacing-left-medium:8.64%;--awb-width-small:100%;--awb-spacing-right-small:1.92%;--awb-spacing-left-small:5.76%;\"><div class=\"fusion-column-wrapper fusion-column-has-shadow fusion-flex-justify-content-flex-start fusion-content-layout-column\"><div class=\"fusion-form fusion-form-builder fusion-form-form-wrapper fusion-form-2163\" style=\"--awb-tooltip-text-color:#ffffff;--awb-tooltip-background-color:#333333;\" data-form-id=\"2163\" data-config=\"{&quot;form_id&quot;:&quot;2163&quot;,&quot;form_post_id&quot;:&quot;2163&quot;,&quot;post_id&quot;:562,&quot;form_type&quot;:&quot;ajax&quot;,&quot;confirmation_type&quot;:[&quot;redirect&quot;],&quot;redirect_url&quot;:&quot;https:\\\/\\\/www.prochoice.com.tr\\\/?page_id=562&quot;,&quot;redirect_timeout&quot;:&quot;300&quot;,&quot;field_labels&quot;:{&quot;your_name&quot;:&quot;Ad &amp; Soyad&quot;,&quot;corp&quot;:&quot;Firma \\u00dcnvan\\u0131&quot;,&quot;phone_field&quot;:&quot;Telefon No&quot;,&quot;email&quot;:&quot;Mail&quot;,&quot;subject&quot;:&quot;Konu&quot;,&quot;message&quot;:&quot;Mesaj&quot;},&quot;field_logics&quot;:{&quot;your_name&quot;:&quot;&quot;,&quot;corp&quot;:&quot;&quot;,&quot;phone_field&quot;:&quot;&quot;,&quot;email&quot;:&quot;&quot;,&quot;subject&quot;:&quot;&quot;,&quot;message&quot;:&quot;&quot;,&quot;submit_1&quot;:&quot;&quot;,&quot;notice_1&quot;:&quot;&quot;},&quot;field_types&quot;:{&quot;your_name&quot;:&quot;text&quot;,&quot;corp&quot;:&quot;text&quot;,&quot;phone_field&quot;:&quot;phone_number&quot;,&quot;email&quot;:&quot;email&quot;,&quot;subject&quot;:&quot;text&quot;,&quot;message&quot;:&quot;textarea&quot;,&quot;submit_1&quot;:&quot;submit&quot;,&quot;notice_1&quot;:&quot;notice&quot;},&quot;nonce_method&quot;:&quot;ajax&quot;,&quot;form_views&quot;:&quot;&quot;,&quot;form_views_counting&quot;:&quot;&quot;}\"><form action=\"https:\/\/www.prochoice.com.tr\/?page_id=562\" method=\"get\" class=\"fusion-form fusion-form-2163\"><div class=\"fusion-fullwidth fullwidth-box fusion-builder-row-1-1 fusion-flex-container nonhundred-percent-fullwidth non-hundred-percent-height-scrolling\" style=\"--awb-border-radius-top-left:0px;--awb-border-radius-top-right:0px;--awb-border-radius-bottom-right:0px;--awb-border-radius-bottom-left:0px;--awb-padding-right:0px;--awb-padding-left:0px;--awb-flex-wrap:wrap;\" ><div class=\"fusion-builder-row fusion-row fusion-flex-align-items-flex-start fusion-flex-content-wrap\" style=\"width:104% !important;max-width:104% !important;margin-left: calc(-4% \/ 2 );margin-right: calc(-4% \/ 2 );\"><div class=\"fusion-layout-column fusion_builder_column fusion-builder-column-2 fusion_builder_column_1_1 1_1 fusion-flex-column\" style=\"--awb-bg-size:cover;--awb-width-large:100%;--awb-flex-grow:0;--awb-flex-shrink:0;--awb-margin-top-large:0px;--awb-spacing-right-large:1.92%;--awb-margin-bottom-large:0px;--awb-spacing-left-large:1.92%;--awb-width-medium:100%;--awb-order-medium:0;--awb-flex-grow-medium:0;--awb-flex-shrink-medium:0;--awb-spacing-right-medium:1.92%;--awb-spacing-left-medium:1.92%;--awb-width-small:100%;--awb-order-small:0;--awb-flex-grow-small:0;--awb-flex-shrink-small:0;--awb-spacing-right-small:1.92%;--awb-spacing-left-small:1.92%;\"><div class=\"fusion-column-wrapper fusion-column-has-shadow fusion-flex-justify-content-flex-start fusion-content-layout-column\"><div class=\"fusion-form-field fusion-form-text-field fusion-form-label-above\" style=\"\" data-form-id=\"2163\"><div class=\"fusion-form-label-wrapper\"><label for=\"your_name\">Ad &amp; Soyad <abbr class=\"fusion-form-element-required\" title=\"required\">*<\/abbr><\/label><\/div><input type=\"text\" autocomplete=\"off\" name=\"your_name\" id=\"your_name\" value=\"\"  class=\"fusion-form-input\" required=\"true\" aria-required=\"true\" data-holds-private-data=\"false\" minlength=\"0\"\/><\/div><div class=\"fusion-form-field fusion-form-text-field fusion-form-label-above\" style=\"\" data-form-id=\"2163\"><div class=\"fusion-form-label-wrapper\"><label for=\"corp\">Firma \u00dcnvan\u0131<\/label><\/div><input type=\"text\" autocomplete=\"off\" name=\"corp\" id=\"corp\" value=\"\"  class=\"fusion-form-input\" data-holds-private-data=\"false\" minlength=\"0\"\/><\/div><div class=\"fusion-form-field fusion-form-phone-number-field fusion-form-label-above\" style=\"\" data-form-id=\"2163\"><div class=\"fusion-form-label-wrapper\"><label for=\"phone_field\">Telefon No <abbr class=\"fusion-form-element-required\" title=\"required\">*<\/abbr><\/label><\/div><div class=\"fusion-form-input-with-icon\"><i class=\"awb-form-icon fa-phone-alt fas\"><\/i><input type=\"tel\" autocomplete=\"off\" name=\"phone_field\" id=\"phone_field\" value=\"\"  class=\"fusion-form-input\" required=\"true\" aria-required=\"true\" data-holds-private-data=\"false\"\/><\/div><\/div><div class=\"fusion-form-field fusion-form-email-field fusion-form-label-above\" style=\"\" data-form-id=\"2163\"><div class=\"fusion-form-label-wrapper\"><label for=\"email\">Mail <abbr class=\"fusion-form-element-required\" title=\"required\">*<\/abbr><\/label><\/div><div class=\"fusion-form-input-with-icon\"><i class=\"awb-form-icon fa-at fas\"><\/i><input type=\"email\" autocomplete=\"off\" name=\"email\" id=\"email\" value=\"\"  class=\"fusion-form-input\" required=\"true\" aria-required=\"true\" data-holds-private-data=\"false\"\/><\/div><\/div><div class=\"fusion-form-field fusion-form-text-field fusion-form-label-above\" style=\"\" data-form-id=\"2163\"><div class=\"fusion-form-label-wrapper\"><label for=\"subject\">Konu<\/label><\/div><input type=\"text\" autocomplete=\"off\" name=\"subject\" id=\"subject\" value=\"\"  class=\"fusion-form-input\" data-holds-private-data=\"false\" minlength=\"0\"\/><\/div><div class=\"fusion-form-field fusion-form-textarea-field fusion-form-label-above\" style=\"\" data-form-id=\"2163\"><label for=\"message\">Mesaj <abbr class=\"fusion-form-element-required\" title=\"required\">*<\/abbr><\/label><textarea cols=\"40\" autocomplete=\"off\"  minlength=\"0\"  rows=\"4\" tabindex=\"\" id=\"message\" name=\"message\" class=\"fusion-form-input\" required=\"true\" aria-required=\"true\" data-holds-private-data=\"false\"><\/textarea><\/div><\/div><\/div><div class=\"fusion-layout-column fusion_builder_column fusion-builder-column-3 fusion_builder_column_1_1 1_1 fusion-flex-column\" style=\"--awb-bg-size:cover;--awb-width-large:100%;--awb-flex-grow:0;--awb-flex-shrink:0;--awb-margin-top-large:0px;--awb-spacing-right-large:1.92%;--awb-margin-bottom-large:0px;--awb-spacing-left-large:1.92%;--awb-width-medium:100%;--awb-order-medium:0;--awb-flex-grow-medium:0;--awb-flex-shrink-medium:0;--awb-spacing-right-medium:1.92%;--awb-spacing-left-medium:1.92%;--awb-width-small:100%;--awb-order-small:0;--awb-flex-grow-small:0;--awb-flex-shrink-small:0;--awb-spacing-right-small:1.92%;--awb-spacing-left-small:1.92%;\"><div class=\"fusion-column-wrapper fusion-column-has-shadow fusion-flex-justify-content-flex-start fusion-content-layout-column\"><div class=\"fusion-form-field fusion-form-submit-field fusion-form-label-above\" style=\"\" data-form-id=\"2163\"><div ><button type=\"submit\" class=\"fusion-button button-flat button-xlarge button-default fusion-button-default button-1 fusion-button-default-span  button-default form-form-submit\" data-form-number=\"2163\" tabindex=\"\"><span class=\"fusion-button-text awb-button__text awb-button__text--default\">G\u00f6nder<\/span><\/button><\/div><\/div><\/div><\/div><div class=\"fusion-layout-column fusion_builder_column fusion-builder-column-4 fusion_builder_column_1_1 1_1 fusion-flex-column\" style=\"--awb-bg-size:cover;--awb-width-large:100%;--awb-flex-grow:0;--awb-flex-shrink:0;--awb-margin-top-large:20px;--awb-spacing-right-large:1.92%;--awb-margin-bottom-large:0px;--awb-spacing-left-large:1.92%;--awb-width-medium:100%;--awb-order-medium:0;--awb-flex-grow-medium:0;--awb-flex-shrink-medium:0;--awb-spacing-right-medium:1.92%;--awb-spacing-left-medium:1.92%;--awb-width-small:100%;--awb-order-small:0;--awb-flex-grow-small:0;--awb-flex-shrink-small:0;--awb-spacing-right-small:1.92%;--awb-spacing-left-small:1.92%;\"><div class=\"fusion-column-wrapper fusion-column-has-shadow fusion-flex-justify-content-flex-start fusion-content-layout-column\"><div class=\"form-submission-notices data-notice_1\" id=\"fusion-notices-1\" data-instance=\"1\"><div class=\"fusion-alert alert success alert-success fusion-alert-center fusion-form-response fusion-form-response-success awb-alert-native-link-color alert-dismissable awb-alert-close-boxed\" role=\"alert\"><div class=\"fusion-alert-content-wrapper\"><span class=\"alert-icon\"><i class=\"awb-icon-check-circle\" aria-hidden=\"true\"><\/i><\/span><span class=\"fusion-alert-content\">Thank you for your message. It has been sent.<\/span><\/div><button type=\"button\" class=\"close toggle-alert\" data-dismiss=\"alert\" aria-label=\"Close\">&times;<\/button><\/div><div class=\"fusion-alert alert error alert-danger fusion-alert-center fusion-form-response fusion-form-response-error awb-alert-native-link-color alert-dismissable awb-alert-close-boxed\" role=\"alert\"><div class=\"fusion-alert-content-wrapper\"><span class=\"alert-icon\"><i class=\"awb-icon-exclamation-triangle\" aria-hidden=\"true\"><\/i><\/span><span class=\"fusion-alert-content\">There was an error trying to send your message. Please try again later.<\/span><\/div><button type=\"button\" class=\"close toggle-alert\" data-dismiss=\"alert\" aria-label=\"Close\">&times;<\/button><\/div><\/div><\/div><\/div><\/div><\/div><input type=\"hidden\" name=\"fusion_privacy_expiration_interval\" value=\"48\"><input type=\"hidden\" name=\"privacy_expiration_action\" value=\"anonymize\"><\/form><\/div><\/div><\/div><\/div><\/div>\n","protected":false},"excerpt":{"rendered":"","protected":false},"author":1,"featured_media":512,"parent":0,"menu_order":0,"comment_status":"closed","ping_status":"closed","template":"100-width.php","meta":{"_acf_changed":false,"footnotes":""},"class_list":["post-562","page","type-page","status-publish","has-post-thumbnail","hentry"],"acf":[],"yoast_head":"<!-- This site is optimized with the Yoast SEO plugin v27.3 - https:\/\/yoast.com\/product\/yoast-seo-wordpress\/ -->\n<title>\u0130leti\u015fim - Prochoice<\/title>\n<meta name=\"robots\" content=\"index, follow, max-snippet:-1, max-image-preview:large, max-video-preview:-1\" \/>\n<link rel=\"canonical\" href=\"https:\/\/www.prochoice.com.tr\/?page_id=562\" \/>\n<meta property=\"og:locale\" content=\"tr_TR\" \/>\n<meta property=\"og:type\" content=\"article\" \/>\n<meta property=\"og:title\" content=\"\u0130leti\u015fim - Prochoice\" \/>\n<meta property=\"og:url\" content=\"https:\/\/www.prochoice.com.tr\/?page_id=562\" \/>\n<meta property=\"og:site_name\" content=\"Prochoice\" \/>\n<meta property=\"article:publisher\" content=\"https:\/\/www.facebook.com\/prochoicepetfood\/\" \/>\n<meta property=\"article:modified_time\" content=\"2025-08-03T18:12:08+00:00\" \/>\n<meta property=\"og:image\" content=\"https:\/\/www.prochoice.com.tr\/wp-content\/uploads\/2020\/04\/banner-14@2x-scaled-1.jpg\" \/>\n\t<meta property=\"og:image:width\" content=\"2560\" \/>\n\t<meta property=\"og:image:height\" content=\"1129\" \/>\n\t<meta property=\"og:image:type\" content=\"image\/jpeg\" \/>\n<meta name=\"twitter:card\" content=\"summary_large_image\" \/>\n<meta name=\"twitter:label1\" content=\"Tahmini okuma s\u00fcresi\" \/>\n\t<meta name=\"twitter:data1\" content=\"3 dakika\" \/>\n<script type=\"application\/ld+json\" class=\"yoast-schema-graph\">{\"@context\":\"https:\\\/\\\/schema.org\",\"@graph\":[{\"@type\":\"WebPage\",\"@id\":\"https:\\\/\\\/www.prochoice.com.tr\\\/?page_id=562\",\"url\":\"https:\\\/\\\/www.prochoice.com.tr\\\/?page_id=562\",\"name\":\"\u0130leti\u015fim - Prochoice\",\"isPartOf\":{\"@id\":\"https:\\\/\\\/www.prochoice.com.tr\\\/#website\"},\"primaryImageOfPage\":{\"@id\":\"https:\\\/\\\/www.prochoice.com.tr\\\/?page_id=562#primaryimage\"},\"image\":{\"@id\":\"https:\\\/\\\/www.prochoice.com.tr\\\/?page_id=562#primaryimage\"},\"thumbnailUrl\":\"https:\\\/\\\/www.prochoice.com.tr\\\/wp-content\\\/uploads\\\/2020\\\/04\\\/banner-14@2x-scaled-1.jpg\",\"datePublished\":\"2020-04-30T17:05:07+00:00\",\"dateModified\":\"2025-08-03T18:12:08+00:00\",\"breadcrumb\":{\"@id\":\"https:\\\/\\\/www.prochoice.com.tr\\\/?page_id=562#breadcrumb\"},\"inLanguage\":\"tr\",\"potentialAction\":[{\"@type\":\"ReadAction\",\"target\":[\"https:\\\/\\\/www.prochoice.com.tr\\\/?page_id=562\"]}]},{\"@type\":\"ImageObject\",\"inLanguage\":\"tr\",\"@id\":\"https:\\\/\\\/www.prochoice.com.tr\\\/?page_id=562#primaryimage\",\"url\":\"https:\\\/\\\/www.prochoice.com.tr\\\/wp-content\\\/uploads\\\/2020\\\/04\\\/banner-14@2x-scaled-1.jpg\",\"contentUrl\":\"https:\\\/\\\/www.prochoice.com.tr\\\/wp-content\\\/uploads\\\/2020\\\/04\\\/banner-14@2x-scaled-1.jpg\",\"width\":2560,\"height\":1129,\"caption\":\"Dog watching at a distance\"},{\"@type\":\"BreadcrumbList\",\"@id\":\"https:\\\/\\\/www.prochoice.com.tr\\\/?page_id=562#breadcrumb\",\"itemListElement\":[{\"@type\":\"ListItem\",\"position\":1,\"name\":\"Anasayfa\",\"item\":\"https:\\\/\\\/www.prochoice.com.tr\\\/\"},{\"@type\":\"ListItem\",\"position\":2,\"name\":\"\u0130leti\u015fim\"}]},{\"@type\":\"WebSite\",\"@id\":\"https:\\\/\\\/www.prochoice.com.tr\\\/#website\",\"url\":\"https:\\\/\\\/www.prochoice.com.tr\\\/\",\"name\":\"Prochoice - Professional's Choice\",\"description\":\"Professional's Choice\",\"publisher\":{\"@id\":\"https:\\\/\\\/www.prochoice.com.tr\\\/#organization\"},\"potentialAction\":[{\"@type\":\"SearchAction\",\"target\":{\"@type\":\"EntryPoint\",\"urlTemplate\":\"https:\\\/\\\/www.prochoice.com.tr\\\/?s={search_term_string}\"},\"query-input\":{\"@type\":\"PropertyValueSpecification\",\"valueRequired\":true,\"valueName\":\"search_term_string\"}}],\"inLanguage\":\"tr\"},{\"@type\":\"Organization\",\"@id\":\"https:\\\/\\\/www.prochoice.com.tr\\\/#organization\",\"name\":\"Prochoice\",\"url\":\"https:\\\/\\\/www.prochoice.com.tr\\\/\",\"logo\":{\"@type\":\"ImageObject\",\"inLanguage\":\"tr\",\"@id\":\"https:\\\/\\\/www.prochoice.com.tr\\\/#\\\/schema\\\/logo\\\/image\\\/\",\"url\":\"https:\\\/\\\/www.prochoice.com.tr\\\/wp-content\\\/uploads\\\/2025\\\/07\\\/prochoice-logo-25.png\",\"contentUrl\":\"https:\\\/\\\/www.prochoice.com.tr\\\/wp-content\\\/uploads\\\/2025\\\/07\\\/prochoice-logo-25.png\",\"width\":201,\"height\":50,\"caption\":\"Prochoice\"},\"image\":{\"@id\":\"https:\\\/\\\/www.prochoice.com.tr\\\/#\\\/schema\\\/logo\\\/image\\\/\"},\"sameAs\":[\"https:\\\/\\\/www.facebook.com\\\/prochoicepetfood\\\/\",\"https:\\\/\\\/www.instagram.com\\\/prochoicepetfood\\\/\"]}]}<\/script>\n<!-- \/ Yoast SEO plugin. -->","yoast_head_json":{"title":"\u0130leti\u015fim - Prochoice","robots":{"index":"index","follow":"follow","max-snippet":"max-snippet:-1","max-image-preview":"max-image-preview:large","max-video-preview":"max-video-preview:-1"},"canonical":"https:\/\/www.prochoice.com.tr\/?page_id=562","og_locale":"tr_TR","og_type":"article","og_title":"\u0130leti\u015fim - Prochoice","og_url":"https:\/\/www.prochoice.com.tr\/?page_id=562","og_site_name":"Prochoice","article_publisher":"https:\/\/www.facebook.com\/prochoicepetfood\/","article_modified_time":"2025-08-03T18:12:08+00:00","og_image":[{"width":2560,"height":1129,"url":"https:\/\/www.prochoice.com.tr\/wp-content\/uploads\/2020\/04\/banner-14@2x-scaled-1.jpg","type":"image\/jpeg"}],"twitter_card":"summary_large_image","twitter_misc":{"Tahmini okuma s\u00fcresi":"3 dakika"},"schema":{"@context":"https:\/\/schema.org","@graph":[{"@type":"WebPage","@id":"https:\/\/www.prochoice.com.tr\/?page_id=562","url":"https:\/\/www.prochoice.com.tr\/?page_id=562","name":"\u0130leti\u015fim - Prochoice","isPartOf":{"@id":"https:\/\/www.prochoice.com.tr\/#website"},"primaryImageOfPage":{"@id":"https:\/\/www.prochoice.com.tr\/?page_id=562#primaryimage"},"image":{"@id":"https:\/\/www.prochoice.com.tr\/?page_id=562#primaryimage"},"thumbnailUrl":"https:\/\/www.prochoice.com.tr\/wp-content\/uploads\/2020\/04\/banner-14@2x-scaled-1.jpg","datePublished":"2020-04-30T17:05:07+00:00","dateModified":"2025-08-03T18:12:08+00:00","breadcrumb":{"@id":"https:\/\/www.prochoice.com.tr\/?page_id=562#breadcrumb"},"inLanguage":"tr","potentialAction":[{"@type":"ReadAction","target":["https:\/\/www.prochoice.com.tr\/?page_id=562"]}]},{"@type":"ImageObject","inLanguage":"tr","@id":"https:\/\/www.prochoice.com.tr\/?page_id=562#primaryimage","url":"https:\/\/www.prochoice.com.tr\/wp-content\/uploads\/2020\/04\/banner-14@2x-scaled-1.jpg","contentUrl":"https:\/\/www.prochoice.com.tr\/wp-content\/uploads\/2020\/04\/banner-14@2x-scaled-1.jpg","width":2560,"height":1129,"caption":"Dog watching at a distance"},{"@type":"BreadcrumbList","@id":"https:\/\/www.prochoice.com.tr\/?page_id=562#breadcrumb","itemListElement":[{"@type":"ListItem","position":1,"name":"Anasayfa","item":"https:\/\/www.prochoice.com.tr\/"},{"@type":"ListItem","position":2,"name":"\u0130leti\u015fim"}]},{"@type":"WebSite","@id":"https:\/\/www.prochoice.com.tr\/#website","url":"https:\/\/www.prochoice.com.tr\/","name":"Prochoice - Professional's Choice","description":"Professional's Choice","publisher":{"@id":"https:\/\/www.prochoice.com.tr\/#organization"},"potentialAction":[{"@type":"SearchAction","target":{"@type":"EntryPoint","urlTemplate":"https:\/\/www.prochoice.com.tr\/?s={search_term_string}"},"query-input":{"@type":"PropertyValueSpecification","valueRequired":true,"valueName":"search_term_string"}}],"inLanguage":"tr"},{"@type":"Organization","@id":"https:\/\/www.prochoice.com.tr\/#organization","name":"Prochoice","url":"https:\/\/www.prochoice.com.tr\/","logo":{"@type":"ImageObject","inLanguage":"tr","@id":"https:\/\/www.prochoice.com.tr\/#\/schema\/logo\/image\/","url":"https:\/\/www.prochoice.com.tr\/wp-content\/uploads\/2025\/07\/prochoice-logo-25.png","contentUrl":"https:\/\/www.prochoice.com.tr\/wp-content\/uploads\/2025\/07\/prochoice-logo-25.png","width":201,"height":50,"caption":"Prochoice"},"image":{"@id":"https:\/\/www.prochoice.com.tr\/#\/schema\/logo\/image\/"},"sameAs":["https:\/\/www.facebook.com\/prochoicepetfood\/","https:\/\/www.instagram.com\/prochoicepetfood\/"]}]}},"_links":{"self":[{"href":"https:\/\/www.prochoice.com.tr\/index.php?rest_route=\/wp\/v2\/pages\/562","targetHints":{"allow":["GET"]}}],"collection":[{"href":"https:\/\/www.prochoice.com.tr\/index.php?rest_route=\/wp\/v2\/pages"}],"about":[{"href":"https:\/\/www.prochoice.com.tr\/index.php?rest_route=\/wp\/v2\/types\/page"}],"author":[{"embeddable":true,"href":"https:\/\/www.prochoice.com.tr\/index.php?rest_route=\/wp\/v2\/users\/1"}],"replies":[{"embeddable":true,"href":"https:\/\/www.prochoice.com.tr\/index.php?rest_route=%2Fwp%2Fv2%2Fcomments&post=562"}],"version-history":[{"count":9,"href":"https:\/\/www.prochoice.com.tr\/index.php?rest_route=\/wp\/v2\/pages\/562\/revisions"}],"predecessor-version":[{"id":3545,"href":"https:\/\/www.prochoice.com.tr\/index.php?rest_route=\/wp\/v2\/pages\/562\/revisions\/3545"}],"wp:featuredmedia":[{"embeddable":true,"href":"https:\/\/www.prochoice.com.tr\/index.php?rest_route=\/wp\/v2\/media\/512"}],"wp:attachment":[{"href":"https:\/\/www.prochoice.com.tr\/index.php?rest_route=%2Fwp%2Fv2%2Fmedia&parent=562"}],"curies":[{"name":"wp","href":"https:\/\/api.w.org\/{rel}","templated":true}]}}